st the prime factors of 4/(-16)*40/i + 289.
2, 3, 7
Suppose -26 = -4*q - 5*p, -5*q + 7*p = 10*p - 26. Suppose 0*h = -4*h - q, -5*b = h - 8809. List the prime factors of b.
2, 881
Let x = -53116 - -83598. What are the prime factors of x?
2, 15241
Let p(u) = -39*u - 38. Let j(c) = -3*c + 23. Let g be j(15). What are the prime factors of p(g)?
2, 5, 41
Suppose 5*s - 11*b - 23417 = -15*b, b - 23408 = -5*s. What are the prime factors of s?
31, 151
Let z(p) = 3*p**3 + 3*p**2 - 4*p + 4. Let x = 42 - 42. Suppose -w + x*w = -f + 2, 4 = 2*f - 4*w. List the prime factors of z(f).
2
Let z = -98 + 94. What are the prime factors of z/12 - (-2 - 1144/3)?
383
Let l = 44559 - 107. What are the prime factors of l?
2, 11113
Let d be (-178584)/(-98) - 6/21. Let q = -833 + d. What are the prime factors of q?
23, 43
Let p = 31325 - 16871. Let r be 3*(-2)/(-4) + p/36. Suppose r = 2*l - 4*k - 155, -5*l - 4*k = -1381. What are the prime factors of l?
277
Let q = 133 - -139. Let y = q - 789. Let s = -330 - y. List the prime factors of s.
11, 17
Suppose -5*v - 36 = -n, 2*n - n - 2*v - 42 = 0. Let w = 37 - n. What are the prime factors of -44*(w/4 - 2)?
11, 17
Let o = -262 - 326. Let d = o + 945. List the prime factors of d.
3, 7, 17
Let d = 62 + -98. Let f be -6*((-4)/18 + 700/d). What are the prime factors of f + -12 + 4/(-1)?
2, 3, 17
Let m(v) = 74*v**2 + v + 220. List the prime factors of m(-13).
12713
Suppose o - 11 = 23. Let a = 475 - 350. Suppose o = -g + a. What are the prime factors of g?
7, 13
Suppose -2185130 = -98*t - 162116. List the prime factors of t.
3, 7, 983
Let t = 49 + -56. Let c be ((-786)/8)/((-1)/(t + 3)). Let p = -281 - c. What are the prime factors of p?
2, 7
Let o = -233 + 623. Suppose -2*v + 226 = -4*d - 170, -2*v - 2*d = -o. What are the prime factors of v?
2, 7
Let o = -53 + 117. Suppose f + 5*y + o = 5*f, -5*f + 80 = -4*y. Suppose -f*w - 148 = -18*w. What are the prime factors of w?
2, 37
Let m = 13214 - -46602. List the prime factors of m.
2, 7477
Let j(z) = -94 - 57*z + 45 - 61 - 42 + 107*z. What are the prime factors of j(4)?
2, 3
Suppose -5 + 15 = 5*f. Suppose -f*n + 13 = -103. What are the prime factors of n?
2, 29
Suppose 2 - 12 = 5*k, 3*l + k = -1058. Let m = 801 + l. List the prime factors of m.
449
What are the prime factors of -117 + 4091 - 28/2?
2, 3, 5, 11
Let x(v) = 175 - 91 - v**3 + 296. Let t be x(0). Suppose -20*s + 15*s + t = 0. List the prime factors of s.
2, 19
Let s(d) = -d**3 + 3*d**2 + 9*d + 3. Let y be s(6). Let a = 20 - y. What are the prime factors of a?
71
Let w(y) = 2*y**3 - 4*y**2 + 18*y + 8. Let m be 3*((-88)/3)/(-11). What are the prime factors of w(m)?
2, 5, 23
Suppose 76 = -17*l + 15*l + 3*b, -2*l + 5*b - 68 = 0. What are the prime factors of (-4653)/l + 2/8 - -2?
2, 3
Let i(b) = -b**3 - b**2 + 2*b - 7. Suppose 15*z - 20*z = 15. Let k be i(z). Let o(x) = 3*x**2 + x - 12. List the prime factors of o(k).
2, 17
What are the prime factors of (-1 + 4/6)/((-6)/135180)?
2, 5, 751
Let j = -100 + 107. Suppose -297 = x - 2*r, 2*x - 3*r + j = -591. List the prime factors of (12/20 + (-24)/15)*x.
5, 61
Let h = 383 + -380. List the prime factors of (291/15)/((18/h)/30).
97
Let s(o) be the second derivative of -157*o**3/6 + 19*o**2/2 + 30*o + 3. What are the prime factors of s(-6)?
31
Suppose -57*a - 842 = -58*a + n, -a - 2*n = -827. What are the prime factors of a?
3, 31
Suppose 4*g - 29 = -5*k, 5*k - 9*k + 16 = 5*g. Suppose -486 - 585 = -k*r. List the prime factors of r.
7, 17
Let s be 175/((85/130)/17). Let h = s - 2970. List the prime factors of h.
2, 5, 79
Let s be 108/15*420/63. Suppose 0 = 81*f - s*f - 13926. What are the prime factors of f?
2, 211
Suppose 0 = 3*n - 1537 - 536. Suppose 16*y - 3533 = n. List the prime factors of y.
2, 3, 11
Let p be (6 - 5)/((-1)/(-4)). Suppose a + 42 = -3*v - 2*a, 0 = 4*a + p. Let t(m) = -m**3 - 11*m**2 + 20*m + 15. What are the prime factors of t(v)?
3, 31
Let v be (-96)/9*(-4)/((-32)/(-1140)). Suppose -9*i = -13*i + v. Suppose -3*h + i = h. What are the prime factors of h?
5, 19
Suppose 5*i = p - 65, p - 5*i = 3*p - 55. What are the prime factors of ((-1084)/10)/((-8)/p)?
2, 271
Let k = 2 - -10. Suppose 2688 = -4*t + k*t. List the prime factors of t.
2, 3, 7
Let o = 45 - 42. Suppose -o = -5*p + 157. Suppose -12 = p*q - 36*q. List the prime factors of q.
3
Let y(v) = -v**3 + 2*v + 108. Let z be y(0). Suppose 0 = 210*c - 209*c - z. List the prime factors of c.
2, 3
Suppose -608148 + 103554 = -153*c. What are the prime factors of c?
2, 17, 97
Let d(z) = 8*z + 1. Let q(s) = s**3 - 5*s**2 + 2*s - 10. Let i be q(5). Suppose i*n + 4*n = 44. List the prime factors of d(n).
89
Suppose 0*t + 5*t = 5. Let p be (3 - 4)*1 - (t - 4). What are the prime factors of (p + 2)/((-4)/(-32))?
2
Let m = 1164 + -571. Suppose f + 71 = m. List the prime factors of f.
2, 3, 29
Let b(d) = -5*d**2 + 19*d + 32. Let g(k) = -9*k**2 + 37*k + 63. Let n(w) = -7*b(w) + 4*g(w). Let i be n(18). Let u = i - -125. What are the prime factors of u?
3, 11
List the prime factors of (1300/(-12) - -13)*(0 - (-366)/(-4)).
11, 13, 61
Suppose 4*c = 2*h - 58992, -57*c + 52*c = 20. What are the prime factors of h?
2, 19, 97
Suppose -26*r + 168 = -14*r. List the prime factors of (52/r)/(24/672).
2, 13
List the prime factors of (-16384)/(-18) - (286/(-117))/(-11).
2, 5, 7, 13
Let d be 0*3/6 - (1 - 518). Let t = d - 207. Suppose t = 3*g + 7*g. List the prime factors of g.
31
Suppose 2*a + 0 = -3*c + 8, 0 = 3*c - 4*a - 2. Suppose 0 = 2*s + k + 2, -4 + c = -5*s + k. List the prime factors of 3/(-9)*s + -4 + 37.
3, 11
Let f = 73 - 24. Let k = 45 - f. What are the prime factors of 820/k*(6/(-10) + 0)?
3, 41
Let h(o) = 251*o**2 - 5*o - 1. Let v be h(-3). Suppose -g - 2*x + 638 = 0, 0 = 4*g + x - v - 307. What are the prime factors of g?
2, 17, 19
Suppose 30*l + 4*p + 48247 = 35*l, 5*l = -5*p + 48310. List the prime factors of l.
5, 1931
Suppose -61479 = -3*n + 4*p + 128416, 0 = -5*n - p + 316530. List the prime factors of n.
5, 11, 1151
Suppose -20 = -4*r + 9*a - 5*a, 4*a = -8. Let i be ((-1)/1)/(r/(-3)). List the prime factors of 506/(3 + -2 + i) - 2.
251
Suppose -106011 - 544209 = -39*o - 21*o. List the prime factors of o.
10837
Suppose -7*v - 39152 = -165908. What are the prime factors of v?
2, 3, 503
Suppose 5*y + 35 = 0, -3*l - y - 34840 + 130812 = 0. What are the prime factors of l?
13, 23, 107
Let q be 5*(1160 + -7 + 1). Suppose 2098 = -8*u + q. List the prime factors of u.
3, 17
What are the prime factors of ((-526)/58 - 4/(-58)) + 43945?
2, 1373
Let n(j) = -14*j + 1. Let v be n(7). Let b = v - -96. What are the prime factors of (-1 + b + 3)/((-1)/(-97))?
97
Let b(x) = -x**3 - 18*x**2 - 45*x - 89. Suppose -2*s - 5*z = -4*z + 37, -4*s - 53 = -5*z. List the prime factors of b(s).
3, 43
Suppose u - 2*f + 508 - 4793 = 0, 0 = -2*u - 4*f + 8562. List the prime factors of u.
4283
Let k = 15659 - -3583. List the prime factors of k.
2, 3, 1069
Let f(x) = 2996*x**3 + x**2 - 257*x + 517. List the prime factors of f(2).
5, 7, 137
List the prime factors of -4 + 7 - (-5879 + -7).
3, 13, 151
Let a(s) = -84*s**3 + 63*s**2 + 17*s + 6. List the prime factors of a(-5).
2, 2999
Suppose -w + 4 = o, -5*w + 0*o = 3*o - 18. Let q be (-2)/(2/(-400)*2) + w. Let r = q - 128. What are the prime factors of r?
3, 5
Suppose 2*s + 63 - 369 = -4*z, -3*z + 786 = 5*s. List the prime factors of s.
3, 53
Let r = 67610 - 34030. What are the prime factors of r?
2, 5, 23, 73
Let c(o) = 198*o**2 + 33*o - 86. List the prime factors of c(4).
2, 1607
Suppose -30*a + 6650 = -16*a. What are the prime factors of a?
5, 19
Suppose -3*k - 4*g + 12 = k, 3*g = k + 17. Let v(z) = 5*z + 5. Let j be v(k). Let p(n) = -n**3 - n**2 + 8*n + 7. What are the prime factors of p(j)?
67
Let d be -3 - (-47 - (-4 + -2 + 3)). Let r = 601 - d. List the prime factors of r.
2, 5, 7
Suppose 0 = -4*f + 12, 4*f - 18 = -2*x - 0*f. Suppose 0 = -x*u + 5*u - 3*z - 6, u + z - 8 = 0. What are the prime factors of (-436)/(-8)*(-4 + u)?
109
Let f be -75*((-2)/((-30)/35) - 3). Suppose f*t = 6*t + 30448. List the prime factors of t.
2, 173
Let g(l) = 82*l - 73. Let x be g(-5). Let t = x + 681. What are the prime factors of t?
2, 3, 11
Suppose v - 11 = -5*d, -6*d + 4*d + 2 = v. Let y be (-6)/4*(173 - -1). Lis